- 30. What is r(5)?
10
Let q(j) = j**3 - 13*j**2 - 16*j + 38. Determine q(14).
10
Let a(x) = x**2 + 7*x - 18. Calculate a(-9).
0
Let a(i) = 3*i + 14. Determine a(0).
14
Let j(u) = -u**3 + 14*u - 4. Determine j(-4).
4
Let v(s) = 12*s - 124. Determine v(10).
-4
Let m(n) = -n**3 - 13*n**2 + 14*n - 5. Determine m(-14).
-5
Let r(d) = -d**2 - 10*d. What is r(-8)?
16
Let f(g) = -3*g**2 - 12*g + 21. Determine f(-7).
-42
Let q(f) = f**2 + 23*f + 106. Determine q(-17).
4
Let h(d) = -48*d**2 - d. What is h(1)?
-49
Let l(p) = -2*p**2 - 2*p + 9. Determine l(5).
-51
Let x(l) = l**3 + 6*l**2 - 2*l - 4. What is x(-5)?
31
Let c(x) = -x**3 - 17*x**2 + 2*x + 24. Calculate c(-17).
-10
Let n(x) = 12*x**3 + 2*x**2 - 2*x + 1. Give n(1).
13
Let o(l) = -2*l**2 + 2*l - 3. Give o(5).
-43
Let w(p) = 2*p**3 - 9*p**2 + 10*p + 2. Give w(4).
26
Let l(c) = -c**2 + 357. Calculate l(-19).
-4
Let r(m) = m**3 + 4*m**2 + 5*m + 2. Give r(-3).
-4
Let c(j) = -j**3 - 4*j**2 + 3*j + 5. Calculate c(-5).
15
Let s(h) = h**2 + 14*h - 13. Give s(-15).
2
Let u(x) = -66*x**2. What is u(1)?
-66
Let y(l) = -l**3 - 20*l**2 - 15*l + 57. Determine y(-19).
-19
Let u(y) = y**2 - 23*y + 81. Calculate u(19).
5
Let m(i) = -5*i + 13. Calculate m(7).
-22
Let a(h) = 7*h + 3. Calculate a(-1).
-4
Let s(x) = -3*x**2 + 3*x + 4. Calculate s(3).
-14
Let u(l) = -3*l + 72. Determine u(23).
3
Let h(f) = f**3 - 10*f**2 + 11*f - 18. What is h(9)?
0
Let g(i) = -i**3 + 16*i**2 - 9*i + 21. Calculate g(16).
-123
Let n(p) = 10*p + 34. What is n(-4)?
-6
Let j(a) = -a**2 - 5*a + 8. Determine j(-4).
12
Let n(p) = -p**3 - 5*p**2 - 6*p - 4. What is n(-5)?
26
Let g(a) = -11*a - 3. Give g(-2).
19
Let d(p) = -p**2 - 10*p - 3. What is d(-8)?
13
Let r(d) = 12*d - 350. Determine r(31).
22
Let j(p) = p**3 - 13*p**2 - 19*p - 14. What is j(14)?
-84
Let k(v) = -10*v**3 - 3*v**2 + 2*v + 2. Determine k(2).
-86
Let j(c) = -47*c - 184. Calculate j(-4).
4
Let u(z) = -z**3 + 16*z**2 - z + 17. Calculate u(16).
1
Let t(r) = 2*r**2 - 7*r - 6. Give t(4).
-2
Let b(u) = -2*u + 20. Give b(13).
-6
Let h(g) = -17*g - 69. What is h(-4)?
-1
Let f(d) = 3*d**3 + 27*d**2 + 7*d - 1. What is f(-9)?
-64
Let a(n) = -3*n - 97. Determine a(-39).
20
Let c(j) = -j**2 - 8*j - 6. Calculate c(-3).
9
Let n(v) = -11*v**3 - 7*v**2 - 4*v - 2. Determine n(-2).
66
Let q(l) = -l**3 - 2*l**2 + 2*l + 3. What is q(-3)?
6
Let l(m) = m**2 - 18*m + 23. Calculate l(16).
-9
Let c(d) = 33*d**2 + d - 1. Calculate c(1).
33
Let c(d) = d**2 - 51*d + 130. Calculate c(49).
32
Let m(r) = -r + 49. Give m(37).
12
Let w(b) = -2*b + 30. Determine w(12).
6
Let y(o) = -o**2 - o + 54. Calculate y(-8).
-2
Let g(x) = -5*x + 179. Determine g(35).
4
Let k(f) = 6*f - 13. Give k(5).
17
Let w(p) = p**2 - 37*p + 75. Determine w(2).
5
Let v(c) = -33*c - 1. Calculate v(1).
-34
Let q(k) = -4*k**2 - 21*k - 29. Give q(-2).
-3
Let g(v) = 6*v + 3. Give g(-3).
-15
Let y(t) = t**3 + 4*t**2 + 2*t + 9. Determine y(-3).
12
Let z(h) = h**3 + 13*h**2 - 17*h - 37. Determine z(-14).
5
Let i(t) = -5*t + 18. Give i(5).
-7
Let a(j) = -j**2 - 14*j - 6. Give a(-14).
-6
Let q(c) = -5*c**2 - 24*c + 3. What is q(-5)?
-2
Let n(d) = 2*d - 18. Give n(9).
0
Let y(q) = -q**2 + 11*q - 14. Calculate y(10).
-4
Let a(o) = 2*o**2 - 9*o + 20. What is a(4)?
16
Let t(j) = -10*j - 504. Determine t(-49).
-14
Let i(x) = x**3 + 12*x**2 + 9*x - 30. What is i(-11)?
-8
Let o(c) = -c + 3. Give o(8).
-5
Let t(s) = s**3 - 8*s**2 - 8*s - 9. What is t(8)?
-73
Let a(c) = -c**3 + 11*c**2 - 2*c + 14. Give a(11).
-8
Let w(o) = -7*o + 1. What is w(3)?
-20
Let k(y) = -y**3 - y + 32. Give k(0).
32
Let j(w) = w**2 - 11*w + 25. What is j(6)?
-5
Let m(g) = -g**2 - 14*g + 16. What is m(-16)?
-16
Let y(u) = u**2 + 5*u + 3. Determine y(-3).
-3
Let y(x) = -x**2 - 4*x + 4. What is y(-6)?
-8
Let a(r) = r**2 + r - 9. Give a(4).
11
Let q(m) = 2*m + 21. What is q(-15)?
-9
Let i(u) = u**3 + u**2 - 2*u - 3. Calculate i(0).
-3
Let d(v) = -2*v**2 + 7*v + 15. What is d(5)?
0
Let p(w) = -w**3 - 10*w**2 - 12*w - 20. Give p(-9).
7
Let l(a) = 11*a - 75. Give l(6).
-9
Let o(u) = -u**3 - 9*u**2 + u + 13. Calculate o(-9).
4
Let u(p) = -p**3 - 3*p**2 + 3*p + 3. What is u(-5)?
38
Let j(c) = c**2 - 52*c - 48. Determine j(53).
5
Let y(z) = z**2 + 18*z - 76. What is y(-22)?
12
Let f(x) = x**3 - 5*x**2 - 9*x + 6. What is f(6)?
-12
Let c(a) = 3*a - 100. Give c(31).
-7
Let j(i) = i**2 - 11*i - 15. What is j(11)?
-15
Let k(h) = -h**3 + 8*h**2 - 10*h + 15. Give k(6).
27
Let z(n) = -19*n**3 + n**2 - n - 1. Give z(-1).
20
Let x(z) = -z**3 - 11*z**2 + 24*z - 5. Give x(-13).
21
Let n(h) = h**2 - 3*h - 12. Give n(0).
-12
Let s(g) = g**3 + 7*g**2 + 3*g - 15. Calculate s(-6).
3
Let l(p) = -p**3 + 5*p**2 - 4*p + 4. Give l(4).
4
Let x(h) = -h**2 - 7*h + 3. Calculate x(-7).
3
Let g(k) = -k**3 - k**2 - 2*k - 4. Determine g(-3).
20
Let c(z) = z**3 + 7*z**2 + 13*z + 18. Calculate c(-5).
3
Let q(p) = 6*p + 75. Give q(-20).
-45
Let x(k) = -k**3 - 3*k**2 + 8*k - 6. Calculate x(-5).
4
Let u(b) = -3*b + 96. Calculate u(36).
-12
Let g(h) = 4*h**3 - 15*h**2 - h - 5. Give g(4).
7
Let r(x) = 3*x**2 - 154*x + 300. Calculate r(2).
4
Let c(b) = -6*b + 93. Determine c(15).
3
Let i(s) = 2*s**2 - 9*s - 5. Calculate i(-4).
63
Let l(j) = 43*j + 1. Give l(1).
44
Let n(k) = k**2 + 8*k - 9. Calculate n(-5).
-24
Let z(h) = -h**3 + 6*h**2 + 5*h + 1. Determine z(7).
-13
Let r(p) = -p**3 + 14*p**2 - p + 7. Give r(14).
-7
Let t(a) = 5*a + 2. What is t(3)?
17
Let k(g) = -g**3 - 14*g**2 - 14*g - 10. What is k(-13)?
3
Let a(w) = -w**2 - 10*w - 13. Determine a(-9).
-4
Let v(a) = -a + 6. Give v(0).
6
Let t(m) = -2*m**2 - 5*m - 5. Calculate t(-4).
-17
Let t(v) = 19*v - 552. Give t(29).
-1
Let x(i) = -i**2 + i. Determine x(0).
0
Let h(r) = -2*r**2 + 10*r + 3. Give h(7).
-25
Let n(i) = -13*i + 72. Give n(6).
-6
Let a(z) = z**3 - 16*z**2 - 22*z + 87. Calculate a(17).
2
Let z(u) = 5*u - 4. What is z(6)?
26
Let x(n) = 25*n + 392. Give x(-16).
-8
Let o(x) = -x**3 + 9*x**2 + 4*x + 21. Calculate o(10).
-39
Let w(v) = 3*v - 43. Calculate w(13).
-4
Let s(z) = -z**3 + 8*z**2 + 7*z - 15. Determine s(10).
-145
Let n(k) = k**3 - 11*k**2. Give n(11).
0
Let h(z) = z**2 - 27*z - 235. Determine h(-7).
3
Let z(l) = -l + 13. What is z(8)?
5
Let m(k) = k**3 + 5*k**2 - 9*k - 5. What is m(-6)?
13
Let h(z) = -15*z**3 + z**2. Calculate h(1).
-14
Let n(o) = -2*o**3 + 30*o**2 - 8. Calculate n(15).
-8
Let d(n) = -2*n + 34. Calculate d(8).
18
Let l(p) = -13*p + 5. Determine l(5).
-60
Let v(m) = m**3 + 38*m**2 + 36*m - 85. What is v(-37)?
-48
Let i(g) = 2*g**3 - 2*g**2 + g + 2. Give i(2).
12
Let n(g) = g**2 + 37*g + 110. Determine n(-34).
8
Let h(y) = 3*y + 6. Calculate h(-15).
-39
Let x(d) = 3*d - 3. What is x(7)?
18
Let t(c) = -16*c + 1037. Determine t(64).
13
Let b(w) = -7*w - 44. Give b(-6).
-2
Let t(d) = -d**3 + 7*d**2 - d + 10. Calculate t(7).
3
Let v(u) = 21*u - 97. Calculate v(5).
8
Let c(a) = -44*a - 261. Give c(-6).
3
Let h(p) = p**3 + 43*p**2 + 80*p - 88. Calculate h(-41).
-6
Let b(d) = d**3 - 19*d**2 + 18*d - 12. Calculate b(18).
-12
Let y(i) = i + 43. What is y(-9)?
34
Let d(v) = -74*v - 231. Calculate d(-3).
-9
Let s(t) = t**3 + 10*t**2 + 8*t - 20. Calculate s(-9).
-11
Let r(h) = -h + 25. What is r(10)?
15
Let b(s) = -3*s**3 - 32*s**2 + 49*s + 14. Calculate b(-12).
2
Let h(q) = -q**2 - 4*q + 20. Determine h(-6).
8
Let s(n) = -n**3 - 26*n**2 + 4*n + 115. Calculate s(-26).
11
Let y(f) = 31*f**3 + 3*f**2 - 4*f + 2. Calculate y(1).
32
Let o(m) = m**2 - 5*m + 7. Determine o(5).
7
Let a(f) = -14*f - 10. What is a(-4)?
46
Let p(w) = w**3 + 8*w**2 + 8*w - 19. Calculate p(-7).
-26
Let z(k) = -k + 45. Calculate z(40).
5
Let g(o) = 8*o**2 + 6*o + 2. Give g(-2).
22
Let d(i) = 2*i**2 - 5*i - 22. Calculate d(-4).
30
Let v(o) = 8*o + 35. Calculate v(-5).
-5
Let p(r) = -r**2 - 2*r - 48. Determine p(-7).
-83
Let w(y) = 3*y**2 - 10*y - 21. Determine w(-8).
251
Let q(c) = -28*c**2 + c + 1. Give q(-2).
-113
Let i(x) = -5*x + 14. Determine i(13).
-51
Let v(q) = 3*q + 11. Calculate v(-14).
-31
Let j(w) = -2*w**2 + 12*w - 2. What is j(6)?
-2
Let q(d) = 2*d**3 - 3*d**2 + 2*d - 1. What is q(2)?
7
Let m(y) = 3*y - 17. Calculate m(5).
-2
Let k(x) = -x + 9. Determine k(15).
-6
Let m(t) = 2*t**2 + 49*t - 208. Calculate m(-28).
-12
Let t(f) = 9*f - 138. Determine t(15).
-3
L